 d(f) = f**3 - 11*f**2 - 11*f - 12. Let x be d(12). Suppose x = -3*w - 0*w + 90. What is the greatest common divisor of w and 60?
30
Suppose 178 = 5*x - 542. Let n be -1 - (-5)/(20/4). Suppose 4*h - 4*r + 2*r - 66 = n, h - 11 = -5*r. What is the greatest common factor of x and h?
16
Let z(b) = -b - 1. Let g be z(-3). Let m be g/9 + 215/45. What is the greatest common divisor of 35 and m?
5
Let z be 7/((-5)/(-5)) - -409. What is the greatest common divisor of z and 26?
26
Let m(t) = -t**3 - 6*t**2 - 3*t - 8. Let n be m(-6). Suppose 33 = -p + 63. Calculate the greatest common divisor of n and p.
10
Suppose 5*t - 5*j = 680, 3*j + 2*j = 20. Suppose -42 = -2*z - 2. What is the greatest common divisor of z and t?
20
Let f(x) = x**2 - 5*x + 12. Let s be f(8). Let n be -36 + (6 - (-8)/(-2)). Let v = 46 + n. What is the highest common divisor of v and s?
12
Let l be (4402/(-4) + 11/(-66))*-3. Calculate the highest common factor of 26 and l.
26
Let j(l) = l**3 + 2*l**2 + 4*l + 6. Let w be j(6). Let b = w - 185. What is the greatest common factor of 19 and b?
19
Suppose -4*m + 4*r + 84 = 4, -5*m + 97 = -2*r. Suppose -2*b = 3*b + 5*p - 85, 3*p = 3*b - 63. What is the highest common divisor of b and m?
19
Suppose z + 7 = -0*n - n, -n - 5*z = 27. Let l be 2 + 3/(-2) + (-163)/n. What is the greatest common divisor of l and 41?
41
Suppose 0 = 7*u - 28*u + 126. What is the greatest common divisor of u and 32?
2
Let q = 97 + -81. What is the greatest common factor of 944 and q?
16
Let v be (172 + 2)*(-2)/(-12). What is the highest common divisor of 58 and v?
29
Let a = 1435 + -1006. Calculate the greatest common factor of a and 39.
39
Suppose 5*k - 137 = 548. Suppose -11 + k = -3*p. Let g be (p/(-9))/((-3)/(-18)). Calculate the highest common divisor of 28 and g.
28
Let h(p) = 14*p**2 - 52*p - 258. Let a be h(-5). Calculate the greatest common factor of 22 and a.
22
Suppose 7*y = 2*y + 35. Suppose y = 2*m - 15. Calculate the highest common divisor of 22 and m.
11
Suppose -q = -5 - 63. Suppose 4*s - 2*v - q = 0, -4*s + 69 = -5*v - 5. What is the greatest common factor of s and 128?
16
Let r(h) = 2*h - 5. Suppose 5*c - 40 = 5*q, q - 19 = -2*c + 3. Let b be r(c). What is the greatest common factor of 105 and b?
15
Let d = -65 - -95. Let t = 18 + 32. What is the greatest common factor of t and d?
10
Suppose 0 = -4*j + 2*p + 114, -j + 5*p + 49 = -2. Calculate the highest common divisor of 3224 and j.
26
Let d(k) be the first derivative of -k**4/4 - 4*k**3/3 + 4*k**2 - k - 14. Let g be d(-7). Calculate the highest common factor of 36 and g.
18
Let x(z) = -3*z - 4. Let q be x(-3). Let n be (-100)/(-3)*465/620. Calculate the highest common divisor of q and n.
5
Let n = 162 + 185. Suppose -5*g + n = -103. Calculate the greatest common factor of g and 18.
18
Suppose -4*q + 273 = -d, -11*d + 8*d + 65 = q. What is the highest common factor of q and 544?
68
Let n be (-12)/(-5)*(-50)/15*-25. What is the greatest common factor of n and 90?
10
Let g = -38 - -35. Let w be (2 + -1)/(g/(-72)). Let r be ((-42)/56)/((-1)/w). Calculate the greatest common factor of 45 and r.
9
Suppose 4*w + 91 = p, -4*p + 0*w + 392 = -2*w. Let z(d) = -11*d + 132. Let g be z(9). What is the greatest common factor of p and g?
33
Suppose 0 = -6*k + 20*k + 168. Suppose 6*l - 132 = 2*l. Let r be ((-40)/k - 3)*l. What is the greatest common divisor of r and 11?
11
Let h(u) = -u**3 + u**2 + 23*u - 3. Let d be h(5). What is the highest common divisor of 66 and d?
6
Suppose -1155 = -63*q + 8*q. Calculate the highest common factor of q and 12.
3
Let c(h) = h**3 + 6*h**2 - 8*h + 5. Let k be c(-7). Suppose -10*j = -11*j + k. Calculate the highest common divisor of 24 and j.
12
Let w be (-3)/((-84)/(-8)) - 8940/(-28). What is the greatest common factor of 11 and w?
11
Suppose -559*o - 15 = -562*o. What is the highest common divisor of 185 and o?
5
Suppose -3*a + v + 101 = 0, -3*a = -0*a + 3*v - 105. Let g = a - 26. Calculate the greatest common divisor of 20 and g.
4
Let p be (-7770)/(-72) + (-1)/(-12). What is the greatest common divisor of p and 4?
4
Let u be 27 + 4/7 + 175/(-49). Let h(p) = p + 2. Let k be h(10). Calculate the highest common divisor of u and k.
12
Let j = 119 - 63. Let w = 10 - 7. Let h be ((-14)/4)/(w/(-6)). What is the greatest common factor of h and j?
7
Suppose 2*n + 3*b - 37 = 0, -3*b - b + 53 = 3*n. What is the highest common factor of 869 and n?
11
Suppose 33909 = 33*h - 36777. Calculate the greatest common factor of h and 18.
18
Let r(p) = -9*p**2 - 5*p + 6. Let k be r(2). Let l be -477*k/105 + 4/14. What is the highest common divisor of l and 14?
14
Let o(t) = -4*t + 52. Let n be o(12). Suppose 0*z - n*z = -4. Calculate the highest common divisor of z and 5.
1
Suppose -120 = 20*i - 30*i. Calculate the greatest common divisor of i and 192.
12
Let u be 1/(-3) - (-6 - (-68)/3). Let d be (-1 + (-50)/5)*u. Let m = -36 + 53. What is the greatest common factor of d and m?
17
Let p = -1369 + 1425. Calculate the highest common factor of p and 182.
14
Let p = -8 - -7. Let v(j) = 15*j**2 + 2*j + 1. Let q be v(p). Calculate the highest common divisor of q and 7.
7
Let o = -33 + 45. Suppose 88 = y + 4. Calculate the greatest common factor of o and y.
12
Let g = -71 - -96. Suppose 0 = -2*q + 3*q - 275. What is the highest common factor of g and q?
25
Let q(y) = y**2 + 3*y - 6. Let g = -13 + 16. Suppose 3*u + 2*i + 2*i = 5, g*u = 3*i - 30. Let z be q(u). Calculate the greatest common divisor of z and 4.
4
Suppose 0*n - 4*n + 12 = -5*d, 5*d = 5*n - 15. Let g(w) = 6*w + 41. Let z be g(-6). Suppose z = 4*o - n. Calculate the greatest common factor of o and 14.
2
Let o(m) = -m**2 - 24*m - 71. Let u be o(-19). Calculate the greatest common divisor of u and 156.
12
Let y(n) = -2*n**2 - n + 2. Let m be y(2). Let w be (m/(-3))/(3/36). Let a = 233 - 153. What is the highest common divisor of a and w?
16
Let u(b) = b**3 + 3*b**2 - 88*b + 18. Let p be u(-11). What is the greatest common divisor of p and 648?
18
Suppose 3*q + 8 = 2*d - 4*d, 0 = -4*d + 2*q + 16. Suppose 2*h = -d*h + 608. Let j = h - -13. Calculate the greatest common factor of 15 and j.
15
Suppose -37*c = -889 - 295. Calculate the greatest common factor of 10 and c.
2
Suppose -15*y + 23*y = 1024. What is the greatest common divisor of y and 96?
32
Suppose 0 = -5*a + 12*a - 588. What is the highest common divisor of 308 and a?
28
Let z = 39 + -22. Let r = 83 - 62. Let c = r - z. Calculate the greatest common factor of c and 32.
4
Let v be (3/4 - (-488)/32)/2. Calculate the highest common divisor of 16 and v.
8
Let w = 127 - 117. Suppose -5*s = 0, -q + w = -s - 14. What is the greatest common factor of 16 and q?
8
Let i be 46/253 + 1219/11 + 1. Calculate the highest common factor of i and 140.
28
Let p = 2 - 3. Let v = p - -6. Suppose 0 = -v*q - 20, 402 = 2*w + 4*q - 7*q. Calculate the highest common factor of 39 and w.
39
Let a be (-21)/63*42/1. Suppose -6*o + 14056 = -2*o. Let v be (-4)/a - o/(-49). What is the greatest common factor of v and 8?
8
Let b(d) = 3*d**2 - 2*d - 1. Let u be b(-1). Suppose 0 = -2*p + g + 40, -g = -u*p - 2*g + 92. Calculate the greatest common divisor of p and 44.
22
Let w = 132 + -106. What is the highest common factor of w and 4?
2
Let a = 3 + -2. Suppose 2 + a = k + 2*y, 4*y = -16. Let g = -1 + k. What is the greatest common factor of 4 and g?
2
Suppose 40*j - 65*j + 4350 = 0. What is the greatest common factor of j and 3?
3
Suppose 0 = -7*q - 192 + 682. Let f = 7 + 21. Calculate the highest common divisor of q and f.
14
Suppose 3*z = -798 + 852. What is the greatest common divisor of z and 306?
18
Suppose 5*j - 30 = -5*u, 5*j - 1 = 3*u - 3. Suppose 15 = 3*l - j*l. Calculate the highest common divisor of 75 and l.
15
Let k(t) = 5*t - t - t. Let u be k(2). Suppose -5*v = 5*x - 15, -221*v - 5 = -226*v. Calculate the highest common divisor of x and u.
2
Let o = -94 - -110. What is the greatest common factor of o and 7?
1
Let p = 30 - 31. Let h be 4*p*63/(-14). What is the highest common divisor of 198 and h?
18
Let l be -3 + 768/2 - (2 + 3). What is the highest common factor of l and 47?
47
Suppose 3*n + 529 = g, -16*n = 3*g - 19*n - 1593. What is the greatest common factor of g and 98?
14
Let l be 4 + 3/((-18)/(-